{"id":259,"date":"2013-10-14T02:05:38","date_gmt":"2013-10-14T00:05:38","guid":{"rendered":"http:\/\/localhost\/projects\/wordpress\/?page_id=259"},"modified":"2018-11-18T20:16:42","modified_gmt":"2018-11-18T18:16:42","slug":"downloads","status":"publish","type":"page","link":"https:\/\/www.kardiologie-saalkreis.de\/?page_id=259","title":{"rendered":"Downloads"},"content":{"rendered":"<ul>\n<li><a href=\"http:\/\/www.kardiologie-saalkreis.de\/wp-content\/uploads\/2013\/10\/QTSyndrome_medikamenteninduziert1.pdf\" target=\"_blank\" rel=\"noopener\">Synkopen Herzschrittmachertherapie &#8230;die Torsade-de-pointes-Tachykardien verursachen k\u00f6nnen (Quelle: Deutsches \u00c4rzteblatt)<\/a><\/li>\n<li><a href=\"http:\/\/www.kardiologie-saalkreis.de\/wp-content\/uploads\/2013\/10\/Hinweise_zur_Nachbetreuung_2012_10_011.pdf\" target=\"_blank\" rel=\"noopener\">Hinweise zur Nachbetreuung von Patienten nach Pulmonalvenenablation Kathetherablation von Vorhofflimmern (Aufkl\u00e4rung f\u00fcr Patienten)<\/a><\/li>\n<li><a href=\"http:\/\/www.azcert.org\/\" target=\"_blank\" rel=\"noopener\">OT-Zeit-verl\u00e4ngernde Medikamente, Listen der Medikamente bei Kanalopathien<\/a><\/li>\n<li><a href=\"http:\/\/www.brugadadrugs.org\/\" target=\"_blank\" rel=\"noopener\">OT-Drugs, Brugada-Drugs H. J. Trappe, Deutsches \u00c4rzteblatt 2006<\/a><\/li>\n<li><a href=\"http:\/\/www.kardiologie-saalkreis.de\/wp-content\/uploads\/2015\/07\/Faxanmeldung.pdf\" target=\"_blank\" rel=\"noopener\">Faxanfrage \/ Faxanmeldung (f\u00fcr Kliniken und Praxen)<\/a><\/li>\n<\/ul>\n<p><strong>TV-Beitr\u00e4ge<\/strong><\/p>\n<ul>\n<li><a href=\"https:\/\/www.zdf.de\/verbraucher\/volle-kanne\/volle-kanne---vorhofflimmern-100.html\" target=\"_blank\" rel=\"noopener\">&#8222;VOHOFFLIMMERN &#8211; WENN DAS HERZ UNREGELM\u00c4SSIG SCHL\u00c4GT&#8220; , ZDF<\/a><\/li>\n<li><a href=\"https:\/\/www.ndr.de\/fernsehen\/sendungen\/visite\/Vorhofflimmern-Ist-Katheterablation-sinnvoll,visite15300.html\" target=\"_blank\" rel=\"noopener\">&#8222;VORHOFFLIMMERN &#8211; IST KATHETERABLATION SINNVOLL?&#8220; , &#8222;VISITE&#8220; IM NDR<\/a><\/li>\n<li><a href=\"https:\/\/www.hr-fernsehen.de\/sendungen-a-z\/service-gesundheit\/sendungen\/service-gesundheit-wenn-das-herz-aus-dem-takt-geraet---vorhofflimmern,sendung-46556.html\" target=\"_blank\" rel=\"noopener\">&#8222;WENN DAS HERZ AUS DEM TAKT GER\u00c4T &#8211; VORHOFFLIMMERN&#8220; , HR <\/a><\/li>\n<\/ul>\n","protected":false},"excerpt":{"rendered":"<p>Synkopen Herzschrittmachertherapie &#8230;die Torsade-de-pointes-Tachykardien verursachen k\u00f6nnen (Quelle: Deutsches \u00c4rzteblatt) Hinweise zur Nachbetreuung von Patienten nach Pulmonalvenenablation Kathetherablation von Vorhofflimmern (Aufkl\u00e4rung f\u00fcr Patienten) OT-Zeit-verl\u00e4ngernde Medikamente, Listen der Medikamente bei Kanalopathien OT-Drugs, Brugada-Drugs H. J. Trappe, Deutsches \u00c4rzteblatt 2006 Faxanfrage \/ Faxanmeldung (f\u00fcr Kliniken und Praxen) TV-Beitr\u00e4ge &#8222;VOHOFFLIMMERN &#8211; WENN DAS HERZ UNREGELM\u00c4SSIG SCHL\u00c4GT&#8220; , ZDF &#8222;VORHOFFLIMMERN [&hellip;]<\/p>\n","protected":false},"author":1,"featured_media":895,"parent":19,"menu_order":2,"comment_status":"closed","ping_status":"closed","template":"page-templates\/full-width.php","meta":{"footnotes":""},"_links":{"self":[{"href":"https:\/\/www.kardiologie-saalkreis.de\/index.php?rest_route=\/wp\/v2\/pages\/259"}],"collection":[{"href":"https:\/\/www.kardiologie-saalkreis.de\/index.php?rest_route=\/wp\/v2\/pages"}],"about":[{"href":"https:\/\/www.kardiologie-saalkreis.de\/index.php?rest_route=\/wp\/v2\/types\/page"}],"author":[{"embeddable":true,"href":"https:\/\/www.kardiologie-saalkreis.de\/index.php?rest_route=\/wp\/v2\/users\/1"}],"replies":[{"embeddable":true,"href":"https:\/\/www.kardiologie-saalkreis.de\/index.php?rest_route=%2Fwp%2Fv2%2Fcomments&post=259"}],"version-history":[{"count":9,"href":"https:\/\/www.kardiologie-saalkreis.de\/index.php?rest_route=\/wp\/v2\/pages\/259\/revisions"}],"predecessor-version":[{"id":1373,"href":"https:\/\/www.kardiologie-saalkreis.de\/index.php?rest_route=\/wp\/v2\/pages\/259\/revisions\/1373"}],"up":[{"embeddable":true,"href":"https:\/\/www.kardiologie-saalkreis.de\/index.php?rest_route=\/wp\/v2\/pages\/19"}],"wp:featuredmedia":[{"embeddable":true,"href":"https:\/\/www.kardiologie-saalkreis.de\/index.php?rest_route=\/wp\/v2\/media\/895"}],"wp:attachment":[{"href":"https:\/\/www.kardiologie-saalkreis.de\/index.php?rest_route=%2Fwp%2Fv2%2Fmedia&parent=259"}],"curies":[{"name":"wp","href":"https:\/\/api.w.org\/{rel}","templated":true}]}}