{"id":385,"date":"2013-11-30T16:30:34","date_gmt":"2013-11-30T14:30:34","guid":{"rendered":"http:\/\/www.kardiologie-saalkreis.de\/?page_id=385"},"modified":"2016-04-16T10:21:40","modified_gmt":"2016-04-16T08:21:40","slug":"das-erste-buch-fuer-unsere-patienten","status":"publish","type":"page","link":"https:\/\/www.kardiologie-saalkreis.de\/?page_id=385","title":{"rendered":"Mein erstes Buch f\u00fcr Patienten"},"content":{"rendered":"<p>&nbsp;<\/p>\n<p><a href=\"http:\/\/www.verlagoo.de\/autoren\/petra-schirdewahn\/\" target=\"_blank\"><img loading=\"lazy\" decoding=\"async\" class=\"alignleft size-medium wp-image-707\" src=\"http:\/\/www.kardiologie-saalkreis.de\/wp-content\/uploads\/2014\/05\/icon-300x300.jpg\" alt=\"icon\" width=\"300\" height=\"300\" srcset=\"https:\/\/www.kardiologie-saalkreis.de\/wp-content\/uploads\/2014\/05\/icon-300x300.jpg 300w, https:\/\/www.kardiologie-saalkreis.de\/wp-content\/uploads\/2014\/05\/icon-150x150.jpg 150w, https:\/\/www.kardiologie-saalkreis.de\/wp-content\/uploads\/2014\/05\/icon.jpg 596w\" sizes=\"(max-width: 300px) 100vw, 300px\" \/><\/a>Ich freue mich\u00a0sehr, Ihnen mein erstes Buch \u00fcber die Entstehung und Behandlung von Herzrasen zu pr\u00e4sentieren.<\/p>\n<p>Sie k\u00f6nnen Ihr Exemplar direkt in meiner Praxis erwerben.<\/p>\n<p>Ich freue mich sehr auf Ihr Feed back.<\/p>\n<p>Ihre Petra Schirdewahn<\/p>\n","protected":false},"excerpt":{"rendered":"<p>&nbsp; Ich freue mich\u00a0sehr, Ihnen mein erstes Buch \u00fcber die Entstehung und Behandlung von Herzrasen zu pr\u00e4sentieren. Sie k\u00f6nnen Ihr Exemplar direkt in meiner Praxis erwerben. Ich freue mich sehr auf Ihr Feed back. Ihre Petra Schirdewahn<\/p>\n","protected":false},"author":2,"featured_media":711,"parent":19,"menu_order":2,"comment_status":"closed","ping_status":"closed","template":"page-templates\/full-width.php","meta":{"footnotes":""},"_links":{"self":[{"href":"https:\/\/www.kardiologie-saalkreis.de\/index.php?rest_route=\/wp\/v2\/pages\/385"}],"collection":[{"href":"https:\/\/www.kardiologie-saalkreis.de\/index.php?rest_route=\/wp\/v2\/pages"}],"about":[{"href":"https:\/\/www.kardiologie-saalkreis.de\/index.php?rest_route=\/wp\/v2\/types\/page"}],"author":[{"embeddable":true,"href":"https:\/\/www.kardiologie-saalkreis.de\/index.php?rest_route=\/wp\/v2\/users\/2"}],"replies":[{"embeddable":true,"href":"https:\/\/www.kardiologie-saalkreis.de\/index.php?rest_route=%2Fwp%2Fv2%2Fcomments&post=385"}],"version-history":[{"count":70,"href":"https:\/\/www.kardiologie-saalkreis.de\/index.php?rest_route=\/wp\/v2\/pages\/385\/revisions"}],"predecessor-version":[{"id":1029,"href":"https:\/\/www.kardiologie-saalkreis.de\/index.php?rest_route=\/wp\/v2\/pages\/385\/revisions\/1029"}],"up":[{"embeddable":true,"href":"https:\/\/www.kardiologie-saalkreis.de\/index.php?rest_route=\/wp\/v2\/pages\/19"}],"wp:featuredmedia":[{"embeddable":true,"href":"https:\/\/www.kardiologie-saalkreis.de\/index.php?rest_route=\/wp\/v2\/media\/711"}],"wp:attachment":[{"href":"https:\/\/www.kardiologie-saalkreis.de\/index.php?rest_route=%2Fwp%2Fv2%2Fmedia&parent=385"}],"curies":[{"name":"wp","href":"https:\/\/api.w.org\/{rel}","templated":true}]}}